{"id":1449,"date":"2021-01-31T10:33:23","date_gmt":"2021-01-31T09:33:23","guid":{"rendered":"http:\/\/op-press.azurewebsites.net\/?page_id=1449"},"modified":"2021-01-31T10:33:23","modified_gmt":"2021-01-31T09:33:23","slug":"2010-12-belly-cloud-17","status":"publish","type":"page","link":"https:\/\/www.bellycloud.club\/?page_id=1449","title":{"rendered":"2010.12 belly cloud 17"},"content":{"rendered":"\n<figure class=\"wp-block-image size-large\"><img loading=\"lazy\" decoding=\"async\" width=\"650\" height=\"911\" src=\"https:\/\/www.bellycloud.club\/wp-content\/uploads\/2021\/01\/loewensaal.jpg\" alt=\"\" class=\"wp-image-1445\" srcset=\"https:\/\/www.bellycloud.club\/wp-content\/uploads\/2021\/01\/loewensaal.jpg 650w, https:\/\/www.bellycloud.club\/wp-content\/uploads\/2021\/01\/loewensaal-214x300.jpg 214w\" sizes=\"auto, (max-width: 650px) 100vw, 650px\" \/><\/figure>\n\n\n<p>Die belly cloud Wolke zieht weiter..<\/p>\n\n\n<h3 class=\"wp-block-heading\">Am 24.12.2010 hei\u00dft es:<br \/>Heiliger BimBam im L\u00f6wensaal!<\/h3>\n\n\n<p>Die R\u00e4ume im L\u00f6wensaal und der waldige Au\u00dfenbereich sind wie geschaffen f\u00fcr dieses Ereignis.<br \/>Wird ja auch Zeit dem Spirit mal wieder ne neue H\u00fclle zu verpassen und diese wird ordendlich geremixt..<\/p>\n\n\n<p>Damit das auch musikalistisch besonders bleibt, haben wir mit Blake Baxter und masomenos zwei einzigartige Acts der electro Scene eingeladen.<br \/>Blake Baxter, ein Protagonist als Produzent und Dj seit den Anf\u00e4ngen von Techno in Detroit, war vor \u00fcber einem Jahrzehnt auf Tresor Tour bei belly cloud und hat einen bleibenden Eindruck hinterlassen.<br \/>Wer damals noch im Kindergarten ausharren musste, kanns jetzt nachholen \ud83d\ude09<\/p>\n\n\n<p>masomenos sind eher mehr als weniger:<br \/>das sympatische Duo aus Paris ist ein &#8222;all in one&#8220;-Paket. Sie produzieren frische Dj-Tools, betreiben ein eigenes Label, wof\u00fcr sie selber auch das Artwork gestalten.<br \/>Die eigene T-shirt und Fashionserie h\u00e4ngt im eigenen Laden in Paris.<br \/>Ach ja, live und analog spielen die beiden auch noch und wie es im Vertrag steht:<br \/>&#8222;3 Stunden minimum&#8220;. Da kann man sich auf was gefasst machen..<\/p>\n\n\n<p>Diesmal wird die belly cloud Crew entsprechend erweitert, mit dabei:<br \/>Pat Pat, Max Tauer, Julian Haffner, Edbert, Ilja, M_lan Patrick Jahn, Der Spieler und Babis Cloud<\/p>\n\n\n<p>Alles in Allem ideale Vorraussetzungen f\u00fcr ein Frohes Fest:<br \/>Heiliger BimBam<br \/>23:00 &#8211; 8:00 im L\u00f6wensaal, Schmausenbuckstr. 166 N\u00fcrnberg<\/p>\n","protected":false},"excerpt":{"rendered":"<div class=\"entry-summary\">\nDie belly cloud Wolke zieht weiter.. Am 24.12.2010 hei\u00dft es:Heiliger BimBam im&hellip;\n<\/div>\n<div class=\"link-more\"><a href=\"https:\/\/www.bellycloud.club\/?page_id=1449\" class=\"more-link\">Continue reading<span class=\"screen-reader-text\"> &ldquo;2010.12 belly cloud 17&rdquo;<\/span>&hellip;<\/a><\/div>\n","protected":false},"author":1,"featured_media":0,"parent":0,"menu_order":0,"comment_status":"closed","ping_status":"closed","template":"","meta":{"footnotes":""},"class_list":["post-1449","page","type-page","status-publish","hentry","entry"],"_links":{"self":[{"href":"https:\/\/www.bellycloud.club\/index.php?rest_route=\/wp\/v2\/pages\/1449","targetHints":{"allow":["GET"]}}],"collection":[{"href":"https:\/\/www.bellycloud.club\/index.php?rest_route=\/wp\/v2\/pages"}],"about":[{"href":"https:\/\/www.bellycloud.club\/index.php?rest_route=\/wp\/v2\/types\/page"}],"author":[{"embeddable":true,"href":"https:\/\/www.bellycloud.club\/index.php?rest_route=\/wp\/v2\/users\/1"}],"replies":[{"embeddable":true,"href":"https:\/\/www.bellycloud.club\/index.php?rest_route=%2Fwp%2Fv2%2Fcomments&post=1449"}],"version-history":[{"count":0,"href":"https:\/\/www.bellycloud.club\/index.php?rest_route=\/wp\/v2\/pages\/1449\/revisions"}],"wp:attachment":[{"href":"https:\/\/www.bellycloud.club\/index.php?rest_route=%2Fwp%2Fv2%2Fmedia&parent=1449"}],"curies":[{"name":"wp","href":"https:\/\/api.w.org\/{rel}","templated":true}]}}