{"id":2167,"date":"2021-01-31T15:25:18","date_gmt":"2021-01-31T14:25:18","guid":{"rendered":"http:\/\/op-press.azurewebsites.net\/?page_id=2167"},"modified":"2021-01-31T15:25:18","modified_gmt":"2021-01-31T14:25:18","slug":"2008-07-bavarian-electronic-open","status":"publish","type":"page","link":"https:\/\/www.bellycloud.club\/?page_id=2167","title":{"rendered":"2008.07 bavarian electronic open"},"content":{"rendered":"\n<figure class=\"wp-block-image size-large\"><img loading=\"lazy\" decoding=\"async\" width=\"700\" height=\"493\" src=\"https:\/\/www.bellycloud.club\/wp-content\/uploads\/2021\/01\/beowww.jpg\" alt=\"\" class=\"wp-image-2071\" srcset=\"https:\/\/www.bellycloud.club\/wp-content\/uploads\/2021\/01\/beowww.jpg 700w, https:\/\/www.bellycloud.club\/wp-content\/uploads\/2021\/01\/beowww-300x211.jpg 300w\" sizes=\"auto, (max-width: 700px) 100vw, 700px\" \/><\/figure>\n\n\n<h2 class=\"wp-block-heading\">Freitag 11. &#8211; Sonntag 13. Juli 2008<br \/>das elektronische Open Air Festival am Murner See mit:<\/h2>\n\n\n<p><a rel=\"noreferrer noopener\" href=\"http:\/\/www.myspace.com\/woodyfumakilla\" target=\"_blank\"><strong>WOODY<\/strong><\/a>.fumakilla berlin<br \/><a rel=\"noreferrer noopener\" href=\"http:\/\/www.myspace.com\/johannesheil\" target=\"_blank\"><strong>JOHANNES HEIL live<\/strong><\/a>.cocoon.kanzleramt.frankfurt\/m<br \/><a rel=\"noreferrer noopener\" href=\"http:\/\/www.myspace.com\/tomclarkhighgrade\" target=\"_blank\"><strong>TOM CLARK<\/strong><\/a>.highgrade.berlin<br \/><a rel=\"noreferrer noopener\" href=\"http:\/\/www.myspace.com\/robertrizzi\" target=\"_blank\"><strong>ROBERT RIZZI<\/strong><\/a>.ponyhof.gloria.regensburg<br \/><a rel=\"noreferrer noopener\" href=\"http:\/\/www.myspace.com\/babiscloud\" target=\"_blank\"><strong>BABIS CLOUD<\/strong><\/a>.belly cloud.n\u00fcrnberg<br \/><a rel=\"noreferrer noopener\" href=\"http:\/\/www.myspace.com\/thisisicee\" target=\"_blank\"><strong>ICEE<\/strong><\/a>.nasty.n\u00fcrnberg<br \/><a rel=\"noreferrer noopener\" href=\"http:\/\/www.myspace.com\/ruffdeejay\" target=\"_blank\"><strong>RUFF<\/strong><\/a>.bash.amberg<br \/><a rel=\"noreferrer noopener\" href=\"http:\/\/www.myspace.com\/zoomatik\" target=\"_blank\"><strong>DER SPIELER<\/strong><\/a>.club ZOOM.n\u00fcrnberg<br \/><a rel=\"noreferrer noopener\" href=\"http:\/\/www.myspace.com\/patrickjahn\" target=\"_blank\"><strong>PATRICK JAHN<\/strong><\/a>.club ZOOM.n\u00fcrnberg<br \/><a rel=\"noreferrer noopener\" href=\"http:\/\/www.1210booking.de\/\" target=\"_blank\"><strong>J\u00dcRGEN D<\/strong><\/a>.1210booking.u60.frankfurt\/m<br \/><a rel=\"noreferrer noopener\" href=\"http:\/\/www.myspace.com\/michaelmelchner\" target=\"_blank\"><strong>MICHAEL MELCHNER<\/strong><\/a>.cargo edition.n\u00fcrnberg<br \/><a rel=\"noreferrer noopener\" href=\"http:\/\/www.myspace.com\/djmrvalentine\" target=\"_blank\"><strong>AUDIOVIRUS<\/strong><\/a>.stereotypen.planetmerge.regensburg<br \/><a rel=\"noreferrer noopener\" href=\"http:\/\/www.myspace.com\/pulvermannundschubkraft\" target=\"_blank\"><strong>PULVERMANN &amp; SCHUBKRAFT<\/strong><\/a>.ponyhof.gloria.regensburg<br \/><a rel=\"noreferrer noopener\" href=\"http:\/\/www.1210booking.de\/\" target=\"_blank\"><strong>MIKE LARGE<\/strong><\/a>.1210booking.bash club.amberg<br \/><a rel=\"noreferrer noopener\" href=\"http:\/\/www.1210booking.de\/\" target=\"_blank\"><strong>TITO<\/strong><\/a>.1210booking.bash club.amberg<br \/><a rel=\"noreferrer noopener\" href=\"http:\/\/www.myspace.com\/djmonopark\" target=\"_blank\"><strong>MONOPARK vs.I KILLED KENNY<\/strong><\/a>.ponyhof.gloria.boiler.regensburg<br \/><a rel=\"noreferrer noopener\" href=\"http:\/\/www.1210booking.de\/\" target=\"_blank\"><strong>M.A.R.C.<\/strong><\/a>1210booking.sucker.de. nabburg<br \/><a rel=\"noreferrer noopener\" href=\"http:\/\/www.myspace.com\/oliverpaddeu\" target=\"_blank\"><strong>OLIVER PADDEU<\/strong><\/a>.beat your body.regensburg<br \/><a rel=\"noreferrer noopener\" href=\"http:\/\/www.myspace.com\/djfoxym\" target=\"_blank\"><strong>FOXY M. &amp; LEF PENG<\/strong><\/a>.trm records.hirschau<br \/><a rel=\"noreferrer noopener\" href=\"http:\/\/www.myspace.com\/djeffrocks\" target=\"_blank\"><strong>EFFROCKS &amp; RUFF<\/strong><\/a>.1210booking.bash club.amberg<br \/><a rel=\"noreferrer noopener\" href=\"http:\/\/www.myspace.com\/lacomunidad2\" target=\"_blank\"><strong>LA COMUNIDAD<\/strong><\/a>.ponyhof.gloria.regensburg<br \/>VJs:<br \/><a rel=\"noreferrer noopener\" href=\"http:\/\/www.myspace.com\/blinkandremove\" target=\"_blank\"><strong>BLINK AND REMOVE<\/strong><\/a>.harry klein.m\u00fcnchen<br \/><a rel=\"noreferrer noopener\" href=\"http:\/\/www.myspace.com\/bolage\" target=\"_blank\"><strong>KARAMBOLAGE<\/strong><\/a>.berlin<br \/><a rel=\"noreferrer noopener\" href=\"http:\/\/www.myspace.com\/daskorbi\" target=\"_blank\"><strong>dASkORBI<\/strong><\/a>.wELTtRAUMeXPLOSIONSeXPERIMENT<\/p>\n\n\n<p>Wir in Bayern lieben Vogelzwitschern, Sonnenschein und Badefreuden, am besten mit elektronischer Musik dazu!<br \/>Das alles \u00fcber drei Tage und N\u00e4chte, Open Air in einzigartiger Naturkulisse, direkt am Strand-Ufer des weitl\u00e4ufigen Murner Sees.<\/p>\n\n\n<p>Auf zwei liebevoll gestalteten Floors &#8211; dem gro\u00dfen Sternen-Zirkuszelt und dem direkt am See gelegenen Amphitheater &#8211; erwarten uns \u00fcber 30 DJs, Live-Acts und VJs, ein sonniger Festival-Spirit!<\/p>\n\n\n<p>Volkes m\u00fcde Seele was willst Du mehr? Also schon mal die Bikini-Zone freigemacht, Zahnb\u00fcrste und Zelt eingepackt! Schlie\u00dflich feiern wir bayernweit die Premiere des bavarian electronic open, ein einzigartiges elektronisches Open Air! Sei dabei, wenn Freunde feiern! Die Sonne scheint! ..auch bei Regen.<br \/>wir sehen und h\u00f6ren uns!<br \/>dein BEO-Team<\/p>\n\n\n<p>die Karten gibts im Vorverkauf:<br \/>als Tickets zum Ausdruck daheim am PC \u00fcber&nbsp;<a href=\"http:\/\/www.oberpfalzkarten.de\/\" target=\"_blank\" rel=\"noreferrer noopener\">www.oberpfalzkarten.de<\/a><br \/>oder&nbsp;<a href=\"http:\/\/www.cafeamsee.de\/\" target=\"_blank\" rel=\"noreferrer noopener\">Villa Murano<\/a>&nbsp;und nat\u00fcrlich an der Abendkasse.<\/p>\n\n\n<p><strong>Tages Ticket Fr-Sa<\/strong><br \/>Fr 18 Uhr bis Sa 18 Uhr<br \/>VVK 11,- AK 13,- \u20ac<\/p>\n\n\n<p><strong>Tages Ticket Sa-So<\/strong><br \/>Sa 18 Uhr bis So 18 Uhr<br \/>VVK 11,- AK 13,- \u20ac<\/p>\n\n\n<p><strong>Festivalticket Fr-So<\/strong><br \/>Fr 18 Uhr bis So 18 Uhr<br \/>VVK 16,- AK 18,- \u20ac<\/p>\n\n\n<p>die Event-Infos gibts auf der\u00a0<a rel=\"noreferrer noopener\" href=\"http:\/\/www.beo-festival.de\/\" target=\"_blank\">www.beo-festival.de<\/a><\/p>\n","protected":false},"excerpt":{"rendered":"<div class=\"entry-summary\">\nFreitag 11. &#8211; Sonntag 13. Juli 2008das elektronische Open Air Festival am&hellip;\n<\/div>\n<div class=\"link-more\"><a href=\"https:\/\/www.bellycloud.club\/?page_id=2167\" class=\"more-link\">Continue reading<span class=\"screen-reader-text\"> &ldquo;2008.07 bavarian electronic open&rdquo;<\/span>&hellip;<\/a><\/div>\n","protected":false},"author":1,"featured_media":0,"parent":0,"menu_order":0,"comment_status":"closed","ping_status":"closed","template":"","meta":{"footnotes":""},"class_list":["post-2167","page","type-page","status-publish","hentry","entry"],"_links":{"self":[{"href":"https:\/\/www.bellycloud.club\/index.php?rest_route=\/wp\/v2\/pages\/2167","targetHints":{"allow":["GET"]}}],"collection":[{"href":"https:\/\/www.bellycloud.club\/index.php?rest_route=\/wp\/v2\/pages"}],"about":[{"href":"https:\/\/www.bellycloud.club\/index.php?rest_route=\/wp\/v2\/types\/page"}],"author":[{"embeddable":true,"href":"https:\/\/www.bellycloud.club\/index.php?rest_route=\/wp\/v2\/users\/1"}],"replies":[{"embeddable":true,"href":"https:\/\/www.bellycloud.club\/index.php?rest_route=%2Fwp%2Fv2%2Fcomments&post=2167"}],"version-history":[{"count":0,"href":"https:\/\/www.bellycloud.club\/index.php?rest_route=\/wp\/v2\/pages\/2167\/revisions"}],"wp:attachment":[{"href":"https:\/\/www.bellycloud.club\/index.php?rest_route=%2Fwp%2Fv2%2Fmedia&parent=2167"}],"curies":[{"name":"wp","href":"https:\/\/api.w.org\/{rel}","templated":true}]}}