{"id":2389,"date":"2021-10-26T21:30:50","date_gmt":"2021-10-26T19:30:50","guid":{"rendered":"https:\/\/www.bellycloud.club\/?page_id=2389"},"modified":"2021-10-26T21:30:50","modified_gmt":"2021-10-26T19:30:50","slug":"rewind","status":"publish","type":"page","link":"https:\/\/www.bellycloud.club\/?page_id=2389","title":{"rendered":"Rewind"},"content":{"rendered":"\n<div class=\"wp-block-media-text alignwide has-media-on-the-right is-stacked-on-mobile is-vertically-aligned-top\"><figure class=\"wp-block-media-text__media\"><img loading=\"lazy\" decoding=\"async\" width=\"385\" height=\"385\" src=\"https:\/\/www.bellycloud.club\/wp-content\/uploads\/2021\/10\/John_Cage.jpg\" alt=\"\" class=\"wp-image-2356 size-full\" srcset=\"https:\/\/www.bellycloud.club\/wp-content\/uploads\/2021\/10\/John_Cage.jpg 385w, https:\/\/www.bellycloud.club\/wp-content\/uploads\/2021\/10\/John_Cage-300x300.jpg 300w, https:\/\/www.bellycloud.club\/wp-content\/uploads\/2021\/10\/John_Cage-150x150.jpg 150w\" sizes=\"auto, (max-width: 385px) 100vw, 385px\" \/><\/figure><div class=\"wp-block-media-text__content\">\n<p><a href=\"http:\/\/www.youtube.com\/watch?v=jiV9f1_PFHE\" target=\"_blank\" rel=\"noreferrer noopener\">http:\/\/www.youtube.com\/watch?v=jiV9f1_PFHE<\/a><\/p>\n\n\n\n<p>Als 1994 belly cloud anfing, orientierte sich der club-Underground an technoiden Kl\u00e4ngen, an rhythmusbetonten Minimal Techno.<br>Minimale, repetitive Kompositionen hatten ihre Anf\u00e4nge in der experimentellen klassischen und sp\u00e4ter elekronischen Musik, Jahrzehnte vorher, bei Werken von Karlheinz Stockhausen, Steve Reich, Philip Glass, John Cage und Terry Riley.<\/p>\n\n\n\n<p>&#8222;Jeder der minimal Musik je gespielt hat, wei\u00df genau, dass es bei dieser Musik nicht um Wiederholungen geht, sondern um minimale Variationen.&#8220;<br>Steve Reich<\/p>\n<\/div><\/div>\n\n\n\n<div style=\"height:30px\" aria-hidden=\"true\" class=\"wp-block-spacer\"><\/div>\n\n\n\n<div class=\"wp-block-columns is-layout-flex wp-container-core-columns-is-layout-9d6595d7 wp-block-columns-is-layout-flex\">\n<div class=\"wp-block-column is-layout-flow wp-block-column-is-layout-flow\">\n<p>Dabei sollte man nicht diejenigen vergessen, die sich um die Hardware gek\u00fcmmert haben: Robert Moog und Wendy Carlos, die einen Synthesizer gebaut haben um damit klassische Werke von Bach elektronisch zu spielen.<\/p>\n\n\n\n<p>Manchmal gen\u00fcgt schon eine Metall-feder in einem leeren Batteriefach als Instrument, um technoide Rhythmen zu erzeugen und sich davon zum Tanzen animieren zu lassen, wie hier der kleine Mimis (Babis Neffe) im Sommer 2008 \u00fcberzeugend zeigt:)<\/p>\n<\/div>\n\n\n\n<div class=\"wp-block-column is-layout-flow wp-block-column-is-layout-flow\">\n<figure class=\"wp-block-gallery columns-2 is-cropped wp-block-gallery-1 is-layout-flex wp-block-gallery-is-layout-flex\"><ul class=\"blocks-gallery-grid\"><li class=\"blocks-gallery-item\"><figure><img loading=\"lazy\" decoding=\"async\" width=\"385\" height=\"385\" src=\"https:\/\/www.bellycloud.club\/wp-content\/uploads\/2021\/10\/robert-moog.jpg\" alt=\"\" data-id=\"2357\" data-full-url=\"https:\/\/www.bellycloud.club\/wp-content\/uploads\/2021\/10\/robert-moog.jpg\" data-link=\"https:\/\/www.bellycloud.club\/?attachment_id=2357\" class=\"wp-image-2357\" srcset=\"https:\/\/www.bellycloud.club\/wp-content\/uploads\/2021\/10\/robert-moog.jpg 385w, https:\/\/www.bellycloud.club\/wp-content\/uploads\/2021\/10\/robert-moog-300x300.jpg 300w, https:\/\/www.bellycloud.club\/wp-content\/uploads\/2021\/10\/robert-moog-150x150.jpg 150w\" sizes=\"auto, (max-width: 385px) 100vw, 385px\" \/><figcaption class=\"blocks-gallery-item__caption\">Robert Moog<\/figcaption><\/figure><\/li><li class=\"blocks-gallery-item\"><figure><img loading=\"lazy\" decoding=\"async\" width=\"385\" height=\"385\" src=\"https:\/\/www.bellycloud.club\/wp-content\/uploads\/2021\/10\/wendy.jpg\" alt=\"\" data-id=\"2359\" data-full-url=\"https:\/\/www.bellycloud.club\/wp-content\/uploads\/2021\/10\/wendy.jpg\" data-link=\"https:\/\/www.bellycloud.club\/?attachment_id=2359\" class=\"wp-image-2359\" srcset=\"https:\/\/www.bellycloud.club\/wp-content\/uploads\/2021\/10\/wendy.jpg 385w, https:\/\/www.bellycloud.club\/wp-content\/uploads\/2021\/10\/wendy-300x300.jpg 300w, https:\/\/www.bellycloud.club\/wp-content\/uploads\/2021\/10\/wendy-150x150.jpg 150w\" sizes=\"auto, (max-width: 385px) 100vw, 385px\" \/><figcaption class=\"blocks-gallery-item__caption\">Wendy Carlos<\/figcaption><\/figure><\/li><\/ul><\/figure>\n<\/div>\n<\/div>\n\n\n\n<div class=\"wp-block-media-text alignwide has-media-on-the-right is-stacked-on-mobile is-vertically-aligned-top\"><figure class=\"wp-block-media-text__media\"><img loading=\"lazy\" decoding=\"async\" width=\"385\" height=\"385\" src=\"https:\/\/www.bellycloud.club\/wp-content\/uploads\/2021\/10\/babiscloud.jpg\" alt=\"\" class=\"wp-image-2355 size-full\" srcset=\"https:\/\/www.bellycloud.club\/wp-content\/uploads\/2021\/10\/babiscloud.jpg 385w, https:\/\/www.bellycloud.club\/wp-content\/uploads\/2021\/10\/babiscloud-300x300.jpg 300w, https:\/\/www.bellycloud.club\/wp-content\/uploads\/2021\/10\/babiscloud-150x150.jpg 150w\" sizes=\"auto, (max-width: 385px) 100vw, 385px\" \/><\/figure><div class=\"wp-block-media-text__content\">\n<p><a href=\"http:\/\/www.babiscloud.de\/\" target=\"_blank\" rel=\"noreferrer noopener\">http:\/\/www.babiscloud.de\/<\/a><\/p>\n\n\n\n<p>Mehr clubbing Evolution gibts im clubdecoder auf babiscloud.de<\/p>\n<\/div><\/div>\n","protected":false},"excerpt":{"rendered":"<div class=\"entry-summary\">\nhttp:\/\/www.youtube.com\/watch?v=jiV9f1_PFHE Als 1994 belly cloud anfing, orientierte sich der club-Underground an technoiden&hellip;\n<\/div>\n<div class=\"link-more\"><a href=\"https:\/\/www.bellycloud.club\/?page_id=2389\" class=\"more-link\">Continue reading<span class=\"screen-reader-text\"> &ldquo;Rewind&rdquo;<\/span>&hellip;<\/a><\/div>\n","protected":false},"author":1,"featured_media":0,"parent":0,"menu_order":0,"comment_status":"closed","ping_status":"closed","template":"page-template\/_fullwidth.php","meta":{"footnotes":""},"class_list":["post-2389","page","type-page","status-publish","hentry","entry"],"_links":{"self":[{"href":"https:\/\/www.bellycloud.club\/index.php?rest_route=\/wp\/v2\/pages\/2389","targetHints":{"allow":["GET"]}}],"collection":[{"href":"https:\/\/www.bellycloud.club\/index.php?rest_route=\/wp\/v2\/pages"}],"about":[{"href":"https:\/\/www.bellycloud.club\/index.php?rest_route=\/wp\/v2\/types\/page"}],"author":[{"embeddable":true,"href":"https:\/\/www.bellycloud.club\/index.php?rest_route=\/wp\/v2\/users\/1"}],"replies":[{"embeddable":true,"href":"https:\/\/www.bellycloud.club\/index.php?rest_route=%2Fwp%2Fv2%2Fcomments&post=2389"}],"version-history":[{"count":1,"href":"https:\/\/www.bellycloud.club\/index.php?rest_route=\/wp\/v2\/pages\/2389\/revisions"}],"predecessor-version":[{"id":2390,"href":"https:\/\/www.bellycloud.club\/index.php?rest_route=\/wp\/v2\/pages\/2389\/revisions\/2390"}],"wp:attachment":[{"href":"https:\/\/www.bellycloud.club\/index.php?rest_route=%2Fwp%2Fv2%2Fmedia&parent=2389"}],"curies":[{"name":"wp","href":"https:\/\/api.w.org\/{rel}","templated":true}]}}