{"id":2451,"date":"2022-07-16T12:36:07","date_gmt":"2022-07-16T10:36:07","guid":{"rendered":"https:\/\/www.bellycloud.club\/?page_id=2451"},"modified":"2022-07-20T22:14:55","modified_gmt":"2022-07-20T20:14:55","slug":"2022-08-belly-cloud-sommer-edition","status":"publish","type":"page","link":"https:\/\/www.bellycloud.club\/?page_id=2451","title":{"rendered":"2022.08 Belly Cloud Sommer Edition"},"content":{"rendered":"\n<figure class=\"wp-block-image size-full\"><img loading=\"lazy\" decoding=\"async\" width=\"800\" height=\"792\" src=\"https:\/\/www.bellycloud.club\/wp-content\/uploads\/2022\/07\/EisHandBLUE72.jpg\" alt=\"\" class=\"wp-image-2457\" srcset=\"https:\/\/www.bellycloud.club\/wp-content\/uploads\/2022\/07\/EisHandBLUE72.jpg 800w, https:\/\/www.bellycloud.club\/wp-content\/uploads\/2022\/07\/EisHandBLUE72-300x297.jpg 300w, https:\/\/www.bellycloud.club\/wp-content\/uploads\/2022\/07\/EisHandBLUE72-150x150.jpg 150w, https:\/\/www.bellycloud.club\/wp-content\/uploads\/2022\/07\/EisHandBLUE72-768x760.jpg 768w\" sizes=\"auto, (max-width: 800px) 100vw, 800px\" \/><\/figure>\n\n\n\n<p>Wenn der Z-Bau belly cloud anfragt ein Sommer Open Air zu bespielen, werden alle Elemente einer elektronischen Party authentisch pr\u00e4sentiert.<br>Mit Gast-DJs aus Brasilien bis Kanada \u00fcber Amsterdam und Berlin, kommt eine bunte Mischung von Deep House, Brazil \/Techno bis Electro \/Acid zustande, die alle Elemente f\u00fcr einen Rave liefert.<\/p>\n\n\n\n<figure class=\"wp-block-image size-full\"><img loading=\"lazy\" decoding=\"async\" width=\"800\" height=\"832\" src=\"https:\/\/www.bellycloud.club\/wp-content\/uploads\/2022\/07\/EISticker.jpg\" alt=\"\" class=\"wp-image-2459\" srcset=\"https:\/\/www.bellycloud.club\/wp-content\/uploads\/2022\/07\/EISticker.jpg 800w, https:\/\/www.bellycloud.club\/wp-content\/uploads\/2022\/07\/EISticker-288x300.jpg 288w, https:\/\/www.bellycloud.club\/wp-content\/uploads\/2022\/07\/EISticker-768x799.jpg 768w\" sizes=\"auto, (max-width: 800px) 100vw, 800px\" \/><\/figure>\n\n\n\n<p>Im Z-Bau Garten wird ein Soundsystem aufgebaut und alles wegger\u00e4umt um Platz f\u00fcr einen Open Air Dancefloor zu schaffen.<br>F\u00fcr die Gestaltung der R\u00e4ume hat die belly cloud Crew die Kisten aus den 90ern wieder ausgepackt, weil es gerade jetzt ander Zeit ist die Elemente, die den Rave Spirit gepr\u00e4gt haben, in die Neuzeit zu transformieren.<\/p>\n\n\n\n<p>An den Decks:<\/p>\n\n\n\n<p>Sanni Est \/\/ Brazil\/ Berlin<br>Audt98 \/\/ Amsterdam<br>Zoi \/\/ Toronto<br>Stefan Riegauf \/ Patrick Jahn \/ THMSN &amp; Kehrer<br>SPRSPRDR \/ Paul Tiedje \/ Longwheeler \/ der Spieler<\/p>\n\n\n\n<p>belly cloud sommer edition 2022<br>ab 16:00 open air im Garten<br>bis 5:00 in Saal und Galerie<\/p>\n\n\n\n<p><a href=\"https:\/\/z-bau.reservix.de\/tickets-belly-cloud-sommer-edition-2022-in-nuernberg-z-bau-biergarten-am-27-8-2022\/e1966271\" target=\"_blank\" rel=\"noreferrer noopener\">Ticketshop<\/a><\/p>\n","protected":false},"excerpt":{"rendered":"<div class=\"entry-summary\">\nWenn der Z-Bau belly cloud anfragt ein Sommer Open Air zu bespielen,&hellip;\n<\/div>\n<div class=\"link-more\"><a href=\"https:\/\/www.bellycloud.club\/?page_id=2451\" class=\"more-link\">Continue reading<span class=\"screen-reader-text\"> &ldquo;2022.08 Belly Cloud Sommer Edition&rdquo;<\/span>&hellip;<\/a><\/div>\n","protected":false},"author":1,"featured_media":0,"parent":0,"menu_order":0,"comment_status":"closed","ping_status":"closed","template":"page-template\/_fullwidth.php","meta":{"footnotes":""},"class_list":["post-2451","page","type-page","status-publish","hentry","entry"],"_links":{"self":[{"href":"https:\/\/www.bellycloud.club\/index.php?rest_route=\/wp\/v2\/pages\/2451","targetHints":{"allow":["GET"]}}],"collection":[{"href":"https:\/\/www.bellycloud.club\/index.php?rest_route=\/wp\/v2\/pages"}],"about":[{"href":"https:\/\/www.bellycloud.club\/index.php?rest_route=\/wp\/v2\/types\/page"}],"author":[{"embeddable":true,"href":"https:\/\/www.bellycloud.club\/index.php?rest_route=\/wp\/v2\/users\/1"}],"replies":[{"embeddable":true,"href":"https:\/\/www.bellycloud.club\/index.php?rest_route=%2Fwp%2Fv2%2Fcomments&post=2451"}],"version-history":[{"count":4,"href":"https:\/\/www.bellycloud.club\/index.php?rest_route=\/wp\/v2\/pages\/2451\/revisions"}],"predecessor-version":[{"id":2470,"href":"https:\/\/www.bellycloud.club\/index.php?rest_route=\/wp\/v2\/pages\/2451\/revisions\/2470"}],"wp:attachment":[{"href":"https:\/\/www.bellycloud.club\/index.php?rest_route=%2Fwp%2Fv2%2Fmedia&parent=2451"}],"curies":[{"name":"wp","href":"https:\/\/api.w.org\/{rel}","templated":true}]}}